lculate the greatest common factor of v and 14.
14
Suppose 4*r + 4*x = -0*r + 384, -x - 100 = -r. What is the highest common factor of r and 28?
14
Let z be (((-96)/(-42))/4)/(18/63). Calculate the highest common divisor of 25 and z.
1
Let n(x) = 17*x**2 - 11*x - 8. Let q be n(-4). Calculate the highest common factor of q and 56.
28
Let v = 4 - 3. Let y(z) = -z**2 - 16*z - 12. Let j(u) = -2*u - 1. Let b be j(7). Let h be y(b). Calculate the highest common factor of v and h.
1
Suppose -8*h = 6*h - 448. What is the highest common factor of h and 800?
32
Let q = 1 + 0. Suppose -6*g + 2*g - 8 = 0, 3*x - 5*g - 100 = 0. Let j be x + q/2*-4. Calculate the greatest common factor of 196 and j.
28
Let u(m) = m**3 - 7*m**2 + 8*m + 1. Suppose -3*o + 8*o + 2*z = 20, z + 5 = 0. Let b be u(o). Calculate the highest common divisor of 65 and b.
13
Let a = -24 + 27. Suppose 0*f - a*f = -18. Suppose -f*g + 3*g + 42 = 0. What is the greatest common divisor of 70 and g?
14
Let h be (-4 - 14/(-6))/((-25)/90). What is the greatest common divisor of 32 and h?
2
Suppose 17*s - 37*s + 2300 = 0. Suppose 2*v = 2*b + 40, 0 = -v + 5*v - b - 89. Calculate the greatest common factor of v and s.
23
Let x be (1 + 20)*98/42. Suppose 61 = 11*j - x. What is the greatest common factor of j and 20?
10
Let b = -15 - -23. Suppose q - 6 = 3*q, -10 = z + 4*q. Let x be ((-8)/(-10))/(z/5). Calculate the highest common factor of x and b.
2
Let y = 82 + -82. Suppose 3*c - 177 = 183. Suppose c = -y*p + 3*p. Calculate the highest common divisor of 5 and p.
5
Let d = 23 + -20. Suppose d*g - 24 = -g. Let y be 5 - (g + (0 - 3)). Calculate the highest common divisor of y and 22.
2
Let o(y) = -17*y - 17. Let s be o(8). Let w = s - -293. Calculate the greatest common divisor of w and 20.
20
Suppose -2*j = 3*j + 20, -2*j - 80 = -3*z. Suppose 0 = -2*c - 5*g + 115, 5*c - 7*c + 3*g = -123. Calculate the greatest common factor of z and c.
12
Let v(f) = -f**3 + 11*f**2 - 10*f + 5. Let m(c) = c**3 - c**2 + c + 3. Let i be m(2). Let a be v(i). What is the highest common factor of 11 and a?
11
Suppose 8*v - 128 + 16 = 0. Let n be (-6)/21 + (-186)/v*-8. What is the greatest common divisor of 265 and n?
53
Suppose 0 = -5*y - g + 1299 + 410, -y + 337 = 5*g. What is the greatest common factor of y and 19?
19
Suppose 0 = 5*n - 2*y + 79 - 266, -71 = -2*n - 3*y. Suppose 0 = 12*r + 1183 - 4735. Calculate the greatest common divisor of r and n.
37
Let a = 18 + -10. Let n = 0 + a. Let p = -58 + 90. What is the greatest common factor of p and n?
8
Suppose 0 = -12*x + 1311 - 555. Suppose -2*a = 3*i + 2*i - 79, -i + 41 = a. What is the highest common factor of a and x?
21
Let c(y) = 8*y**2 - 5*y + 2. Let w be c(5). Let j = w - 67. Let m be -22 + 24 + (1 - -1)*4. Calculate the greatest common factor of j and m.
10
Let w = 978 + -909. Calculate the greatest common divisor of w and 115.
23
Let v = 56 + -38. Let w(n) = 25*n + 2. Let h be w(1). What is the highest common divisor of v and h?
9
Let q(i) = -i**3 - 5*i**2 - i + 1. Let o be q(-5). Let r = 9 - 5. Let l be r/(-18) + (-596)/(-9). What is the highest common divisor of l and o?
6
Suppose 29*q + 276 = 31*q + 5*m, -2*m - 504 = -4*q. What is the greatest common divisor of q and 48?
16
Suppose -6*z = -11*z - n + 44, 0 = 3*z + n - 26. Calculate the greatest common factor of 5 and z.
1
Suppose 48 = 4*j + 2*z, 4*j - 2*j - 2*z - 12 = 0. Suppose 3*c = 8*c + j. Let q be 1 - 1 - c - -10. Calculate the greatest common factor of 96 and q.
12
Let x(r) = 3*r + 8. Let a be x(-4). Let y be -3*880/(-30)*(-2)/a. Calculate the highest common factor of y and 4.
4
Suppose 0 = 4*x - 10 + 10. Suppose -v - 2*t + 12 = x, -2*v - 3*t - 12 + 40 = 0. Calculate the greatest common divisor of v and 80.
20
Let l be 4/(-22) + (-138)/(-33) + -1. Let b = -34 + 73. Calculate the greatest common factor of b and l.
3
Let f(m) = m**3 + 7*m**2 + 10*m. Let d be f(-4). Let s be (-8)/(-6)*42/4. Suppose -6*a = -d*a + s. What is the highest common factor of 28 and a?
7
Suppose 9*n = 3*n - 12. Let k be ((-1)/n - 1)*-14. Let p be (-3)/(((-14)/12)/k). Calculate the greatest common factor of 45 and p.
9
Let h = -392 - -624. What is the greatest common divisor of h and 1508?
116
Suppose 365 = 5*n - 2*u, -200 = 6*n - 9*n + 5*u. What is the highest common factor of n and 45?
15
Let f = -267 - -531. Let r = f + -172. What is the greatest common divisor of 23 and r?
23
Let g = 134 + -95. What is the greatest common divisor of 52 and g?
13
Suppose -8 = 3*c - 5*j - 0*j, -3*c = 2*j - 20. Suppose 0 = -c*n - 2*q + 1155 + 79, 5*n - 1505 = 5*q. Calculate the greatest common factor of 34 and n.
34
Suppose -224 = -2*t + v, -232 = -2*t + 3*v + 2*v. What is the highest common factor of t and 222?
111
Let g be 2 + 1*(-3 + 2). Let y be (2/3)/(g/12). Let d = 1357 - 1285. Calculate the greatest common divisor of d and y.
8
Let f = 793 - 655. What is the greatest common divisor of 6 and f?
6
Suppose -2*l - 5*n - 26 = -5*l, 5*l + n - 62 = 0. Let u be ((-4)/(-3) - 4/l) + 20. What is the greatest common divisor of u and 21?
21
Suppose -42 = -8*h + 22. Calculate the greatest common factor of 28 and h.
4
Suppose -226 = -r - 5*a + 535, 1466 = 2*r - 4*a. Calculate the greatest common divisor of r and 114.
57
Let q = -197 + 799. Suppose -q = -5*j + 28. Calculate the greatest common factor of j and 14.
14
Let i(n) = 517*n - 2014. Let r be i(4). Suppose 3*a - 294 = -78. What is the greatest common divisor of r and a?
18
Suppose 18 = 5*x - 22. Suppose 3*y - 3 = -l, -3*y - 4 = 5*l - 55. Let g be (x/l + 2)*3. Calculate the greatest common factor of g and 32.
8
Let q(h) = 3*h**2 + 57*h + 166. Let p be q(-27). Calculate the greatest common divisor of 22 and p.
22
Let p = 0 + -4. Let j(i) = -23*i + 4. Let y be j(p). Suppose -b + y = 2*b. Calculate the highest common divisor of 4 and b.
4
Let s(r) = 16*r**2 + 93*r + 4. Let b be s(-6). Let g = 0 - -2. Calculate the highest common divisor of b and g.
2
Let y = 1024 - 1005. Calculate the highest common divisor of y and 76.
19
Let a = 44 - 46. Let j be 2*495/(-20)*a. What is the greatest common factor of j and 22?
11
Suppose -2*s + 321 = -277. Suppose z + 524 = 5*z. Let f = s - z. Calculate the highest common divisor of f and 24.
24
Let j be ((-64)/4)/(1/(-6)). Let h = 52 - 20. What is the highest common divisor of h and j?
32
Suppose -4*i + 3*x - 4*x = -93, -2*i - x + 47 = 0. Calculate the highest common divisor of i and 391.
23
Suppose 904 = 5*i + 4*c + 288, -2*c = i - 128. What is the highest common divisor of 200 and i?
40
Suppose 10*c - 3115 + 715 = 0. Calculate the greatest common factor of c and 195.
15
Suppose -35 - 83 = -2*m. Suppose 14*u = m + 39. What is the greatest common divisor of 91 and u?
7
Let b = -60 + 69. Calculate the greatest common factor of 9 and b.
9
Let t(d) = -d**3 - 10*d**2 - d + 2. Let f be t(-10). What is the highest common divisor of 516 and f?
12
Let m be 35/(-3)*(-23 - -17). What is the greatest common factor of 28 and m?
14
Let b(a) = a. Let h be b(2). Let m = -179 - -213. Suppose 3*j + m = h*g + 1, -2*g + 12 = 4*j. Calculate the highest common divisor of g and 36.
12
Let t be 954/(-45) + 27 - (-2)/10. Suppose -3*s = -7*s + 48. Calculate the highest common divisor of s and t.
6
Let l = -10 - -12. Suppose 4*m - 2*s = 76, l*m = 2*s + 24 + 14. What is the highest common divisor of m and 19?
19
Let m = 30 - 33. Let a(v) = -v**3 - v**2 + 4*v + 12. Let t be a(m). Calculate the greatest common factor of 126 and t.
18
Suppose p = 3*p - 66. Let b = 340 - 361. Let q = b + p. What is the highest common divisor of 24 and q?
12
Let n = 440 - 348. What is the greatest common factor of n and 184?
92
Let l(q) be the first derivative of -q**4/4 + 4*q**3/3 - 5*q**2/2 + 4*q - 42. Let b be l(2). Calculate the greatest common divisor of b and 1.
1
Suppose -19712 = -27*r + 13*r. Calculate the greatest common factor of r and 11.
11
Let k be 825/(-6)*30/(-25). Suppose 169*d - k*d = 96. What is the greatest common factor of d and 168?
24
Let s = -23 - -27. Suppose 2*g = 5*v - 47, -s*v + 4*g = -7*v + 23. Let b be 4/((-40)/(-5)) + 197/2. What is the greatest common factor of v and b?
9
Let s be (-296)/(-6)*(1/2 - -4). Calculate the highest common divisor of s and 37.
37
Suppose 4*g + 4 = 12. Sup